(base 11) in base 4?
233221132
Convert 5b70aa (base 12) to base 9.
2712284
What is -4317362 (base 8) in base 15?
-17c26c
Convert -11100011001011101 (base 2) to base 14.
-30565
-111010000100000100 (base 2) to base 11
-152758
Convert -41331414 (base 5) to base 9.
-566763
What is -11300201 (base 5) in base 12?
-4b860
-21011120102 (base 3) to base 6
-3005145
What is -339360 (base 10) in base 5?
-41324420
Convert 893123 (base 11) to base 10.
1424316
-873042 (base 11) to base 2
-101010100100011110110
-27011337 (base 8) to base 9
-12316253
Convert 1305632 (base 7) to base 11.
106889
What is -1266785 (base 9) in base 15?
-da918
What is 6f8ff (base 16) in base 15?
905de
What is -1222000200112 (base 3) in base 13?
-2a7097
123940 (base 10) to base 4
132100210
1011011210001 (base 3) to base 8
2256431
Convert -4155320 (base 6) to base 7.
-1501104
-100100001110010111 (base 2) to base 16
-24397
1b5b6 (base 16) to base 11
77208
What is -15aa1 (base 14) in base 15?
-1110c
Convert -45db98 (base 16) to base 15.
-606785
Convert 12232310131 (base 4) to base 7.
20666500
What is -3318847 (base 9) in base 10?
-1784554
What is 102122122011101 (base 3) in base 4?
113213331031
71601d (base 14) to base 13
a39782
167352 (base 9) to base 12
500a8
Convert -b9c261 (base 14) to base 16.
-600ead
What is -200622 (base 9) in base 11?
-81122
Convert 21202221102 (base 3) to base 16.
255d7
-249416 (base 16) to base 13
-65c186
What is -41113054 (base 6) in base 16?
-11f25a
Convert 1001110010110001011011 (base 2) to base 9.
4742550
Convert 299748 (base 10) to base 13.
a6587
Convert 1670b59 (base 13) to base 10.
7256427
What is 2545102 (base 8) in base 11?
443313
What is 222442 (base 9) in base 13?
4872b
260c46b (base 13) to base 8
55332631
What is -2443331 (base 7) in base 3?
-120220210202
-2e9657 (base 15) to base 4
-20213211223
Convert a7ccba (base 13) to base 15.
52cc52
Convert 1041222324 (base 6) to base 9.
23165577
What is -5270009 (base 10) in base 9?
-10822075
What is 10202100001 (base 3) in base 2?
10010000010010001
Convert 2250080 (base 9) to base 10.
1213857
What is -111111011100110111 (base 2) in base 11?
-168299
-5213557 (base 8) to base 13
-395204
-20469b (base 14) to base 11
-683424
Convert 2602560 (base 7) to base 15.
69d43
What is -12642 (base 8) in base 15?
-1993
Convert -34717344 (base 8) to base 2.
-11100111001111011100100
What is 25548 (base 9) in base 13?
7ab4
What is -1772ba (base 12) in base 15?
-806aa
Convert 3041233 (base 9) to base 7.
16532241
221053 (base 9) to base 12
64479
What is 1141440031 (base 5) in base 9?
5044644
What is 7b6c24 (base 14) in base 2?
10000000010111001110000
Convert 112100002020 (base 3) to base 7.
2253456
What is -11748326 (base 9) in base 15?
-78ba66
What is -11442021000 (base 5) in base 2?
-110011111110110000000111
Convert -2c602 (base 13) to base 14.
-22b1c
What is 10244114142 (base 5) in base 2?
101001101011100001011100
What is -2ba7 (base 14) in base 4?
-1321233
What is 241331432 (base 5) in base 11?
6a6140
-311826 (base 9) to base 14
-4b661
4b5aad (base 16) to base 12
17a1a65
Convert 11223031 (base 6) to base 5.
42023103
What is -582590 (base 10) in base 4?
-2032032332
38b65 (base 13) to base 11
72048
What is 1464461 (base 7) in base 16?
310be
122302 (base 11) to base 9
324214
-147047 (base 9) to base 3
-11121001121
372aca (base 13) to base 6
44143212
1b203 (base 16) to base 13
3b759
Convert -981d1 (base 14) to base 9.
-620812
-361264 (base 8) to base 12
-5b618
What is 22e69 (base 15) in base 6?
2215013
What is -87a67 (base 11) in base 3?
-20111012200
Convert -283423 (base 11) to base 5.
-103144412
Convert 2942 (base 12) to base 8.
11302
Convert -134350340 (base 6) to base 10.
-2735988
Convert 1c3080 (base 13) to base 11.
452540
What is 3135152 (base 10) in base 2?
1011111101011010110000
Convert 11e7e82 (base 15) to base 8.
61117217
Convert -207827 (base 16) to base 4.
-20013200213
20b223 (base 13) to base 3
1102222021212
What is -6880157 (base 10) in base 5?
-3230131112
What is -137113 (base 9) in base 16?
-147d8
Convert 10670460 (base 8) to base 9.
4330167
-10100000101110010010 (base 2) to base 4
-2200232102
What is 101042440 (base 5) in base 9?
683177
Convert 7aa972 (base 11) to base 14.
257697
What is -49400 (base 12) in base 15?
-1e54c
Convert -872454 (base 10) to base 8.
-3250006
What is -431110334 (base 5) in base 8?
-6733430
Convert -20021220022 (base 3) to base 6.
-2353225
30236 (base 15) to base 12
74220
What is -e3a0a3 (base 16) in base 11?
-8469a62
What is -2537160 (base 9) in base 8?
-5215210
What is -119c24c (base 15) in base 16?
-c0f8f7
-5b710 (base 16) to base 4
-1123130100
-14bb47 (base 15) to base 7
-11340643
Convert 2ac266 (base 13) to base 16.
101906
What is -13300044 (base 5) in base 15?
-29c4e
What is 42a4c4 (base 13) in base 5?
400040400
What is 41715 (base 9) in base 4?
12232202
What is 12000011102 (base 3) in base 14?
27ca2
What is -3314123 (base 8) in base 16?
-d9853
-22845254 (base 9) to base 13
-23c979a
-224110121 (base 6) to base 14
-79181b
What is 97ec8 (base 15) in base 6?
14202112
-50715 (base 15) to base 14
-68b84
What is -b1072 (base 14) in base 15?
-860b5
What is 11011001001011110011000 (base 2) in base 16?
6c9798
Convert 8d38d (base 15) to base 14.
b9c43
What is -237663 (base 10) in base 9?
-402010
Convert 2275909 (base 12) to base 9.
13416370
-127143 (base 11) to base 5
-22343233
Convert -3410632 (base 7) to base 16.
-673ed
What is -244101 (base 7) in base 8?
-127140
Convert -a947c (base 13) to base 5.
-34244122
What is 2507251 (base 8) in base 3?
1022011002020
-1202222002222 (base 3) to base 10
-944135
b104b9 (base 12) to base 13
757815
312a0a9 (base 11) to base 2
10101000011010001101101
Convert -31777 (base 9) to base 11.
-148a6
137574 (base 10) to base 9
228640
Convert d407b (base 14) to base 10.
510493
Convert 1185282 (base 10) to base 7.
13034430
Convert -6d733 (base 14) to base 6.
-5422453
Convert 20121011220211 (base 3) to base 4.
31120033120
What is -13d7a0 (base 15) in base 2?
-11101001100110110010
Convert 254118 (base 9) to base 12.
750a5
-121410 (base 7) to base 2
-101011010001011
Convert -127025 (base 11) to base 5.
-22342202
What is 4504d4 (base 14) in base 7?
25632554
What is 3dd5ca (base 14) in base 7?
24162243
What is -172773 (base 10) in base 15?
-362d3
Convert 23403025 (base 6) to base 14.
15089b
Convert -11001000100111100100011 (base 2) to base 8.
-31047443
What is 1250e34 (base 15) in base 9?
26685844
294a53 (base 11) to base 16
706af
156021 (base 7) to base 15
9240
-6165886 (base 10) to base 11
-3531581
What is 5a18063 (base 11) in base 5?
10141244143
Convert -22154681 (base 9) to base 7.
-160103512
What is 110100001100101111111 (base 2) in base 9?
3186274
What is 10001011001111101 (base 2) in base 9?
117714
What is -1011100000011111101101 (base 2) in base 4?
-23200133231
What is 6916b (base 12) in base 4?
202032203
Convert 174015 (base 14) to base 5.
202131411
What is 35512407 (base 8) in base 2?
11101101001010100000111
What is 223c5 (base 14) in base 6?
1440345
Convert 43140413 (base 5) to base 3.
200112211112
Convert 641444 (base 7) to base 14.
2c65b
103342423 (base 5) to base 2
1101101110011001010
11b2e2 (base 15) to base 2
11001110111110101011
Convert -1001010110011111100010 (base 2) to base 5.
-1111421201
What is -533320141 (base 6) in base 8?
-43676675
Convert 2c1c65 (base 15) to base 8.
10104704
-3ed746 (base 16) to base 6
-224134222
Convert 151106 (base 8) to base 15.
10e3a
-277880 (base 11) to base 10
-434962
Convert -3a759 (base 13) to base 6.
-2200114
Convert 12065670 (base 8) to base 10.
2649016
157a02 (base 16) to base 3
2122111201021
Convert 31746136 (base 8) to base 2.
11001111100110001011110
Convert -1503501 (base 7) to base 5.
-22443314
1010100011100110000 (base 2) to base 10
345904
2087376 (base 9) to base 3
2002221102120
What is -11213004410 (base 5) in base 16?
-c0a6c5
Convert -1333940 (base 10) to base 9.
-2452735
471606 (base 9) to base 4
1011023100
Convert 31130412 (base 7) to base 2.
1001111101110100001101
What is 1a5 (base 13) in base 11?
257
Convert -1000100111111101110 (base 2) to base 13.
-9b82c
What is -1200011002002 (base 3) in base 15?
-1284c2
2201225 (base 6) to base 10
109169
63ba1 (base 12) to base 8
400351
-24c617 (base 13) to base